55?
False
Does 3 divide 127?
False
Is 22023 a multiple of 43?
False
Is 465 a multiple of 13?
False
Is 25 a factor of 479?
False
Does 10 divide 35783?
False
Does 16 divide 275?
False
Is 23 a factor of 4899?
True
Is 201 a factor of 6085?
False
Is 14 a factor of 4554?
False
Does 6 divide 540?
True
Is 12760 a multiple of 54?
False
Is 83 a factor of 41237?
False
Is 340 a multiple of 22?
False
Is 3 a factor of 221?
False
Is 5 a factor of 9575?
True
Is 63 a multiple of 17?
False
Is 600 a multiple of 25?
True
Is 4 a factor of 3388?
True
Is 13 a factor of 44153?
False
Does 27 divide 594?
True
Does 79 divide 474?
True
Is 200 a multiple of 40?
True
Is 16 a factor of 2704?
True
Is 17 a factor of 510?
True
Is 2692 a multiple of 7?
False
Is 4077 a multiple of 61?
False
Is 16992 a multiple of 24?
True
Is 56676 a multiple of 132?
False
Does 98 divide 1276?
False
Does 23 divide 3726?
True
Does 17 divide 170?
True
Is 53 a factor of 130450?
False
Does 14 divide 8330?
True
Does 109 divide 17876?
True
Is 49 a factor of 1225?
True
Is 17 a factor of 101337?
True
Does 16 divide 249?
False
Is 102212 a multiple of 397?
False
Is 195 a factor of 52065?
True
Is 1320 a multiple of 12?
True
Does 9 divide 80136?
True
Does 61 divide 1771?
False
Does 15 divide 5771?
False
Is 4838 a multiple of 118?
True
Does 85 divide 51680?
True
Is 41 a factor of 2993?
True
Does 29 divide 36?
False
Does 50 divide 800?
True
Is 10 a factor of 3970?
True
Does 15 divide 300?
True
Is 45 a factor of 18540?
True
Does 17 divide 17425?
True
Does 14 divide 10967?
False
Does 38 divide 1055?
False
Is 3 a factor of 126?
True
Is 7308 a multiple of 79?
False
Is 60783 a multiple of 16?
False
Does 94 divide 94?
True
Is 9 a factor of 5055?
False
Is 452 a multiple of 5?
False
Is 29 a factor of 68776?
False
Is 284 a multiple of 36?
False
Is 5 a factor of 5?
True
Is 34 a factor of 986?
True
Does 83 divide 12549?
False
Is 1190 a multiple of 10?
True
Is 375 a multiple of 15?
True
Is 493 a multiple of 62?
False
Is 17 a factor of 1988?
False
Is 51933 a multiple of 10?
False
Is 3 a factor of 14502?
True
Is 1068 a multiple of 89?
True
Does 12 divide 1040?
False
Is 8567 a multiple of 66?
False
Is 12096 a multiple of 10?
False
Is 10 a factor of 620?
True
Does 25 divide 380?
False
Is 7 a factor of 41857?
False
Is 3720 a multiple of 12?
True
Is 9252 a multiple of 36?
True
Is 30 a factor of 401?
False
Is 17 a factor of 8549?
False
Is 874 a multiple of 46?
True
Is 43 a factor of 445?
False
Is 61 a factor of 5058?
False
Is 11956 a multiple of 4?
True
Is 12 a factor of 2316?
True
Is 47627 a multiple of 72?
False
Does 5 divide 1771?
False
Does 3 divide 181?
False
Is 27 a factor of 44993?
False
Does 4 divide 80?
True
Does 11 divide 473?
True
Is 5 a factor of 2680?
True
Is 560 a multiple of 35?
True
Is 25 a factor of 75?
True
Is 2585 a multiple of 47?
True
Does 10 divide 48580?
True
Is 35365 a multiple of 62?
False
Is 54 a factor of 2376?
True
Is 13366 a multiple of 82?
True
Is 1134 a multiple of 18?
True
Is 887 a multiple of 7?
False
Is 15 a factor of 4088?
False
Does 112 divide 68096?
True
Is 121 a multiple of 11?
True
Is 55 a factor of 4400?
True
Is 2164 a multiple of 19?
False
Is 42 a factor of 5244?
False
Is 414 a multiple of 9?
True
Does 4 divide 148?
True
Is 2716 a multiple of 7?
True
Is 198 a multiple of 33?
True
Is 1045 a multiple of 11?
True
Is 32 a factor of 288?
True
Is 4 a factor of 812?
True
Is 284 a multiple of 42?
False
Is 154 a factor of 20174?
True
Is 45 a factor of 38938?
False
Does 89 divide 937?
False
Is 30 a factor of 630?
True
Is 696 a multiple of 11?
False
Does 8 divide 968?
True
Is 124271 a multiple of 13?
False
Does 3 divide 12?
True
Does 13 divide 819?
True
Is 74651 a multiple of 94?
False
Is 53845 a multiple of 11?
True
Does 72 divide 432?
True
Is 71 a factor of 5183?
True
Is 220 a multiple of 2?
True
Is 10829 a multiple of 13?
True
Does 29 divide 376?
False
Is 3612 a multiple of 3?
True
Does 36 divide 1204?
False
Is 160 a multiple of 3?
False
Is 244 a multiple of 11?
False
Does 45 divide 8235?
True
Is 1479 a multiple of 51?
True
Is 72 a multiple of 3?
True
Does 21 divide 7798?
False
Is 18 a factor of 327?
False
Is 1655 a multiple of 70?
False
Is 27846 a multiple of 117?
True
Is 22 a factor of 26928?
True
Does 44 divide 1966?
False
Is 357 a multiple of 7?
True
Is 109 a factor of 1635?
True
Is 5 a factor of 432?
False
Does 15 divide 3903?
False
Is 2033 a multiple of 12?
False
Is 136468 a multiple of 218?
True
Does 3 divide 2620?
False
Is 43 a factor of 11795?
False
Does 38 divide 2076?
False
Is 11 a factor of 1193?
False
Is 5856 a multiple of 122?
True
Does 9 divide 114?
False
Does 29 divide 852?
False
Does 119 divide 3570?
True
Is 1386 a multiple of 66?
True
Is 2235 a multiple of 18?
False
Is 2600 a multiple of 43?
False
Is 22 a factor of 704?
True
Does 12 divide 2664?
True
Does 28 divide 1393?
False
Does 71 divide 3124?
True
Does 19 divide 1178?
True
Is 129 a multiple of 5?
False
Is 80 a factor of 1680?
True
Is 22 a factor of 132?
True
Does 9 divide 5733?
True
Is 12 a factor of 900?
True
Is 138 a factor of 7600?
False
Does 10 divide 754?
False
Is 211 a factor of 39647?
False
Is 55 a factor of 3739?
False
Is 2097 a multiple of 9?
True
Is 19 a factor of 1095?
False
Is 23 a factor of 33725?
False
Is 5141 a multiple of 97?
True
Is 17 a factor of 4930?
True
Is 27 a factor of 808?
False
Does 10 divide 6186?
False
Is 4867 a multiple of 31?
True
Does 86 divide 2580?
True
Does 22 divide 4414?
False
Is 56754 a multiple of 11?
False
Is 632 a multiple of 8?
True
Is 13 a factor of 1261?
True
Is 25 a factor of 89925?
True
Is 22 a factor of 6449?
False
Is 141 a factor of 705?
True
Is 56 a factor of 11891?
False
Is 1957 a multiple of 103?
True
Is 16023 a multiple of 147?
True
Is 52288 a multiple of 86?
True
Does 38 divide 13414?
True
Does 29 divide 30?
False
Does 19 divide 1577?
True
Is 53 a factor of 283?
False
Is 116 a factor of 14732?
True
Does 30 divide 3750?
True
Is 24703 a multiple of 127?
False
Does 153 divide 8408?
False
Is 15 a factor of 4365?
True
Does 96 divide 192?
True
Is 39348 a multiple of 36?
True
Does 4 divide 3148?
True
Is 19651 a multiple of 37?
False
Does 7 divide 16800?
True
Is 280 a multiple of 14?
True
Is 22 a factor of 2353?
False
Is 89 a factor of 8296?
False
Is 2168 a multiple of 29?
False
Is 57391 a multiple of 252?
False
Does 9 divide 459?
True
Does 10 divide 4718?
False
Is 15 a factor of 15795?
True
Is 11 a factor of 196?
False
Is 1780 even?
True
Is 69936 a multiple of 141?
True
Is 12357 a multiple of 173?
False
Is 1001 a multiple of 19?
False
Is 51 a factor of 28152?
True
Does 12 divide 267?
False
Is 615 a multiple of 17?
False
Does 13 divide 18974?
False
Is 8632 a multiple of 104?
True
Does 73 divide 864?
False
Is 8476 a multiple of 13?
True
Is 3196 a multiple of 66?
False
Is 19760 a multiple of 76?
True
Does 19 divide 12475?
False
Is 98021 a multiple of 67?
True
Does 9 divide 70695?
True
Does 64 divide 493?
False
Is 4662 a multiple of 63?
True
Is 13146 a multiple of 14?
True
Is 23481 a multiple of 110?
False
Is 1545 a multiple of 15?
True
Is 25 a factor of 314?
False
Does 4 divide 3733?
False
Does 7 divide 3979?
False
Is 1857 a multiple of 9?
False
Is 10 a factor of 7261?
False
Is 22 a factor of 880?
True
Is 9424 a multiple of 31?
True
Is 19242 a multiple of 71?
False
Does 4 divide 9488?
True
Is 19 a factor of 13129?
True
Is 16 a factor of 2085?
False
Does 2 divide 922?
True
Is 45135 a multiple of 17?
True
Does 20 divide 1940?
True
Does 12 divide 16560?
True
Is 5214 a multiple of 158?
True
Is 10026 a multiple of 107?
False
Is 1200 a multiple of 80?
True
Is 40 a factor of 42?
False
Is 2462 even?
True
Does 11 divide 198?
True
Is 91 a factor of 9140?
False
Is 9 a factor of 3910?
False
Does 22 divide 567?
False
Does 2 divide 85?
False
Is 11 a factor of 45496?
True
Is 102 a factor of 1020?
True
Is 207 a multiple of 7?
False
Does 52 divide 490?
False
Is 41 a factor of 6724?
True
Is 12 a factor of 3756?
True
Does 5 divide 12975?
True
Is 959 a multiple of 17?
False
Is 2445 a multiple of 15?
True
Is 36 a factor of 19038?
False
Does 109 divide 7410?
False
Does 33 divide 726?
True
Does 11 divide 5896?
True
Is 26 a factor of 1612?
True
Does 5 divide 1262?
False
Is 13 a factor of 37271?
True
I